43003 is divided by 11916?
11
Calculate the remainder when 1323088 is divided by 2549.
157
What is the remainder when 66670 is divided by 5555?
10
What is the remainder when 449305 is divided by 309?
19
What is the remainder when 5480298 is divided by 2293?
28
Calculate the remainder when 144678397 is divided by 17.
16
Calculate the remainder when 16640900 is divided by 28.
24
What is the remainder when 7000416 is divided by 147?
129
Calculate the remainder when 16424546 is divided by 570.
566
What is the remainder when 659378 is divided by 779?
344
Calculate the remainder when 3208269 is divided by 2619.
2613
Calculate the remainder when 54366 is divided by 453.
6
What is the remainder when 2832489 is divided by 504?
9
Calculate the remainder when 3719133 is divided by 1239616.
285
What is the remainder when 8484196 is divided by 432?
148
Calculate the remainder when 6072302 is divided by 180.
2
What is the remainder when 17586967 is divided by 18?
13
Calculate the remainder when 1436379 is divided by 1270.
9
Calculate the remainder when 7245319 is divided by 16.
7
Calculate the remainder when 689692 is divided by 38.
30
Calculate the remainder when 1933357 is divided by 18.
13
Calculate the remainder when 351929 is divided by 257.
96
Calculate the remainder when 2190311 is divided by 418.
409
What is the remainder when 86229183 is divided by 25?
8
Calculate the remainder when 327206 is divided by 262.
230
Calculate the remainder when 5790801 is divided by 3918.
3915
What is the remainder when 1871002 is divided by 1787?
13
What is the remainder when 120369183 is divided by 2646?
2643
What is the remainder when 971849069 is divided by 976?
973
What is the remainder when 195004 is divided by 38353?
3239
Calculate the remainder when 122139141 is divided by 27.
24
Calculate the remainder when 205726810 is divided by 38.
16
Calculate the remainder when 2333222 is divided by 935.
397
Calculate the remainder when 529790 is divided by 1514.
1404
What is the remainder when 15771 is divided by 2644?
2551
What is the remainder when 3767322 is divided by 10237?
106
Calculate the remainder when 104120526 is divided by 9233.
9218
What is the remainder when 41149 is divided by 164?
149
Calculate the remainder when 6655670 is divided by 1669.
1367
What is the remainder when 82175848 is divided by 48?
40
Calculate the remainder when 3627120 is divided by 39.
3
What is the remainder when 8753261 is divided by 77?
55
Calculate the remainder when 350169 is divided by 814.
149
What is the remainder when 179374 is divided by 179369?
5
Calculate the remainder when 66750 is divided by 1025.
125
Calculate the remainder when 2309853 is divided by 577428.
141
Calculate the remainder when 1049773 is divided by 31.
20
What is the remainder when 184655 is divided by 2462?
5
What is the remainder when 269555 is divided by 21?
20
Calculate the remainder when 79265 is divided by 923.
810
What is the remainder when 607585 is divided by 33753?
31
Calculate the remainder when 229080 is divided by 2436.
96
Calculate the remainder when 16765087 is divided by 53907.
10
What is the remainder when 160919544 is divided by 118?
112
Calculate the remainder when 35019 is divided by 53.
39
What is the remainder when 53708088 is divided by 74?
72
What is the remainder when 66150993 is divided by 94?
91
Calculate the remainder when 136538521 is divided by 2171.
2160
Calculate the remainder when 746640 is divided by 3124.
4
Calculate the remainder when 29653 is divided by 2057.
855
What is the remainder when 225344175 is divided by 7376?
7375
Calculate the remainder when 10215638 is divided by 93.
53
Calculate the remainder when 62054275 is divided by 3376.
19
What is the remainder when 295637 is divided by 5416?
3173
What is the remainder when 12750662 is divided by 34?
16
Calculate the remainder when 362069 is divided by 269.
264
What is the remainder when 5291835 is divided by 954?
951
Calculate the remainder when 7095236 is divided by 1256.
92
What is the remainder when 2019139 is divided by 183537?
232
Calculate the remainder when 232553483 is divided by 1536.
11
What is the remainder when 1681783 is divided by 280286?
67
Calculate the remainder when 123525 is divided by 354.
333
Calculate the remainder when 511630 is divided by 13445.
720
Calculate the remainder when 270314 is divided by 2460.
2174
What is the remainder when 1623378 is divided by 62437?
16
Calculate the remainder when 254470 is divided by 272.
150
Calculate the remainder when 274913213 is divided by 9.
5
Calculate the remainder when 311417 is divided by 17111.
3419
What is the remainder when 17282928 is divided by 53342?
120
Calculate the remainder when 132713509 is divided by 16.
5
Calculate the remainder when 7371722 is divided by 2908.
2850
Calculate the remainder when 1913354 is divided by 152.
130
Calculate the remainder when 5102998 is divided by 7839.
7648
What is the remainder when 681983 is divided by 1118?
3
What is the remainder when 157396 is divided by 78693?
10
What is the remainder when 726870 is divided by 132?
78
Calculate the remainder when 121491 is divided by 911.
328
Calculate the remainder when 213540 is divided by 5086.
5014
Calculate the remainder when 4709314 is divided by 65.
64
Calculate the remainder when 510974 is divided by 18.
8
Calculate the remainder when 3047510 is divided by 338612.
2
What is the remainder when 52400 is divided by 6274?
2208
Calculate the remainder when 67079390 is divided by 36103.
16
What is the remainder when 12611 is divided by 110?
71
What is the remainder when 6579927 is divided by 3188?
3083
Calculate the remainder when 284998 is divided by 4821.
559
Calculate the remainder when 491636 is divided by 32773.
41
Calculate the remainder when 121806 is divided by 4061.
4037
Calculate the remainder when 6864 is divided by 883.
683
Calculate the remainder when 316744234 is divided by 1.
0
Calculate the remainder when 27743 is divided by 1879.
1437
Calculate the remainder when 24647742 is divided by 1727.
1725
Calculate the remainder when 10309934 is divided by 14.
12
Calculate the remainder when 25122 is divided by 5674.
2426
What is the remainder when 287241 is divided by 143218?
805
Calculate the remainder when 439826 is divided by 1861.
630
Calculate the remainder when 123474 is divided by 7261.
37
Calculate the remainder when 17890887 is divided by 112.
7
Calculate the remainder when 2002106 is divided by 3588.
2
Calculate the remainder when 22876 is divided by 2448.
844
What is the remainder when 86048542 is divided by 55?
52
Calculate the remainder when 192907 is divided by 2113.
624
Calculate the remainder when 45030292 is divided by 80.
52
What is the remainder when 698529 is divided by 12043?
35
What is the remainder when 78505920 is divided by 8911?
10
Calculate the remainder when 6913713 is divided by 8631.
282
What is the remainder when 86404228 is divided by 22?
20
Calculate the remainder when 1808257 is divided by 194.
177
What is the remainder when 18136430 is divided by 9068200?
30
What is the remainder when 453533116 is divided by 343?
337
Calculate the remainder when 28587 is divided by 4454.
1863
What is the remainder when 258303 is divided by 53?
34
What is the remainder when 1438340 is divided by 287661?
35
What is the remainder when 267931 is divided by 81?
64
What is the remainder when 1318515 is divided by 299?
224
What is the remainder when 13973 is divided by 6421?
1131
Calculate the remainder when 73484 is divided by 24460.
104
What is the remainder when 1694325 is divided by 61?
50
Calculate the remainder when 441691 is divided by 55200.
91
Calculate the remainder when 46046 is divided by 216.
38
What is the remainder when 2254397 is divided by 625?
22
Calculate the remainder when 12156070 is divided by 2026010.
10
What is the remainder when 994136 is divided by 1817?
237
What is the remainder when 6673541 is divided by 824?
789
What is the remainder when 849031 is divided by 49?
8
Calculate the remainder when 210564 is divided by 2636.
2320
Calculate the remainder when 733401 is divided by 183349.
5
Calculate the remainder when 369964 is divided by 170.
44
What is the remainder when 5946302 is divided by 99105?
2
Calculate the remai